t -33013422 (base 7) to base 5.
-1210432333
What is -11111111111001010 (base 2) in base 9?
-218645
Convert 4127160 (base 10) to base 13.
b1670b
What is -20200100221021 (base 3) in base 13?
-973c00
What is 947a21 (base 11) in base 12?
612979
Convert 1000111011000011110 (base 2) to base 7.
2325266
-1111110111110000001101 (base 2) to base 12
-1487865
Convert 1202218 (base 9) to base 13.
19a516
Convert 5834186 (base 9) to base 7.
35536353
What is -2749030 (base 10) in base 2?
-1010011111001001100110
What is -12323302 (base 4) in base 8?
-67362
What is -58068 (base 10) in base 5?
-3324233
What is -115215515 (base 6) in base 5?
-1031222301
What is 12523 (base 13) in base 7?
200425
Convert -32500 (base 6) to base 9.
-6150
3a9382 (base 13) to base 12
58582b
Convert 2210001022 (base 3) to base 4.
31112312
What is -14320225 (base 7) in base 8?
-5113547
Convert 18ba011 (base 14) to base 6.
1115125503
Convert -3946341 (base 10) to base 2.
-1111000011011101100101
Convert 39935a (base 11) to base 13.
18c701
27593a (base 12) to base 3
1020011110201
Convert -16ac2 (base 14) to base 16.
-deb2
Convert 1001000102021 (base 3) to base 12.
227144
Convert 101010111011011111 (base 2) to base 10.
175839
Convert 220616 (base 8) to base 4.
102012032
Convert -1001000000100010111 (base 2) to base 8.
-1100427
Convert 1a02c (base 13) to base 8.
142611
What is -231000332 (base 4) in base 7?
-1365362
Convert -3410707 (base 8) to base 6.
-31432435
Convert -220121111211 (base 3) to base 15.
-98804
Convert 946a6 (base 12) to base 10.
194526
Convert 92963 (base 11) to base 13.
4993c
What is -24b8a15 (base 13) in base 12?
-3a13045
-2562281 (base 11) to base 15
-5ca4cb
Convert -1ec6c (base 15) to base 3.
-12010002210
4cac4 (base 16) to base 15
630bc
Convert 117fc (base 16) to base 8.
213774
Convert 10011110100111011110010 (base 2) to base 6.
303222430
What is -6d40bb (base 15) in base 13?
-111082a
Convert 31267 (base 13) to base 4.
111203233
What is -74811 (base 9) in base 10?
-49501
Convert 249755 (base 11) to base 8.
1400520
What is 1a729 (base 16) in base 7?
630554
Convert 1743277 (base 8) to base 11.
318991
Convert -413ef3 (base 16) to base 9.
-8036451
What is 100111000000111010 (base 2) in base 9?
263177
What is 93385 (base 10) in base 11?
64186
Convert -26575 (base 9) to base 8.
-43061
-876340 (base 9) to base 6
-15113100
1607217 (base 8) to base 9
774355
Convert -133322022 (base 4) to base 6.
-2445030
What is -11221120131 (base 5) in base 10?
-12676291
Convert 20505 (base 15) to base 9.
165385
-4244252 (base 6) to base 11
-13257a
Convert -3ccc9 (base 13) to base 4.
-123321000
Convert b7067c (base 13) to base 9.
8051247
b9b29 (base 14) to base 15
8d295
1026c29 (base 13) to base 15
66b91b
Convert 7a78 (base 14) to base 2.
101001100011010
6d268 (base 15) to base 11
218651
Convert 2546305 (base 7) to base 16.
50d8b
Convert -38718 (base 10) to base 15.
-b713
What is 2372862 (base 10) in base 9?
4415853
What is -3246001 (base 10) in base 7?
-36406363
20024121 (base 6) to base 8
2114261
What is -4631217 (base 8) in base 12?
-5080bb
Convert 1444866 (base 9) to base 11.
4a51a5
-32151 (base 8) to base 10
-13417
What is -1166045 (base 9) in base 5?
-130244041
Convert 253086 (base 9) to base 6.
3141040
Convert -11505224 (base 6) to base 4.
-1121200300
What is -ab990 (base 16) in base 6?
-23022000
What is -3301778 (base 13) in base 11?
-8893935
Convert 2c626 (base 13) to base 11.
58568
What is -4051a22 (base 11) in base 3?
-111110212102210
What is 13240414 (base 5) in base 2?
100000101011100011
What is 365121 (base 9) in base 16?
35c62
Convert -1010000011111100110 (base 2) to base 8.
-1203746
877733 (base 12) to base 3
11001011210210
Convert -db86 (base 15) to base 4.
-23112030
What is -111100011000101010 (base 2) in base 15?
-4d443
Convert 25858 (base 11) to base 6.
443052
Convert -5522737 (base 9) to base 4.
-23110201033
What is -49133 (base 13) in base 5?
-13243403
-412837 (base 14) to base 4
-20120111101
-13313320032 (base 4) to base 9
-3785106
What is 5824 (base 9) in base 8?
10333
-372713 (base 8) to base 14
-34b59
Convert -122123103 (base 5) to base 2.
-10001110010011110111
Convert 791633 (base 10) to base 15.
109858
What is -390d (base 16) in base 9?
-22027
Convert -1c4a7 (base 16) to base 3.
-12212221211
14440302 (base 5) to base 9
256522
Convert -169037 (base 12) to base 2.
-1011110111011101011
-2308896 (base 11) to base 13
-ab4c61
Convert -1336235 (base 8) to base 6.
-12020325
-75801 (base 10) to base 2
-10010100000011001
What is -123136565 (base 7) in base 8?
-35561132
3121333311 (base 4) to base 8
3317765
What is -13244040 (base 5) in base 15?
-29bb5
Convert 160a4a (base 15) to base 6.
34500341
Convert 3536344 (base 7) to base 5.
103241142
What is 25661505 (base 7) in base 2?
1000111110000001000100
Convert 2406122 (base 7) to base 15.
603ee
743b93 (base 13) to base 8
12304111
-1325100050 (base 6) to base 10
-15917502
What is -4907356 (base 11) in base 3?
-121002011010221
What is -20022031302 (base 4) in base 5?
-1021421434
Convert -292453 (base 13) to base 2.
-11110101010011100101
What is 40241022 (base 5) in base 14?
851a3
-8a5555 (base 12) to base 4
-20122323101
What is 202103332103 (base 4) in base 7?
136311431
What is -754830 (base 9) in base 3?
-211211221000
Convert -100001000001010100 (base 2) to base 12.
-66330
What is -1002002221 (base 3) in base 16?
-52e4
What is -151500 (base 6) in base 15?
-451c
What is 3cacf (base 16) in base 5?
30423102
What is -23142013 (base 5) in base 10?
-209008
Convert 1010112110012 (base 3) to base 7.
5052155
What is 2148063 (base 11) in base 4?
32121100032
What is 200111100222222 (base 3) in base 12?
3360182
Convert -307871 (base 9) to base 5.
-21323322
What is -2a748 (base 11) in base 8?
-124743
What is -3144342 (base 6) in base 8?
-454506
Convert -24142041 (base 6) to base 12.
-307921
What is -5254657 (base 8) in base 2?
-101010101100110101111
What is 68464 (base 9) in base 16?
b20c
What is 1020313311121 (base 4) in base 12?
6493021
Convert 1b767 (base 12) to base 14.
10c47
Convert -1001312211 (base 4) to base 11.
-174722
286608 (base 10) to base 15
59dc3
33b32 (base 12) to base 8
206626
Convert 3302123 (base 4) to base 10.
15515
Convert 11372011 (base 8) to base 16.
25f409
Convert -103262 (base 11) to base 12.
-7b836
17915 (base 10) to base 14
6759
20210022220000 (base 3) to base 5
1410432334
-55d852 (base 16) to base 15
-761e28
-452233 (base 9) to base 2
-1000010000100111011
Convert -124523a (base 13) to base 8.
-25563043
What is 2213101102 (base 4) in base 11?
428833
Convert 1043401 (base 11) to base 15.
2638bd
Convert -11400636 (base 7) to base 6.
-33342033
46f07 (base 16) to base 8
1067407
-10201120000 (base 3) to base 6
-1323213
-2104614 (base 7) to base 16
-3df56
Convert 2644057 (base 8) to base 15.
e911a
What is -1aa8580 (base 11) in base 5?
-1401233242
What is -251082 (base 11) in base 12?
-171708
949679 (base 10) to base 4
3213312233
What is 31343341 (base 5) in base 13?
92546
Convert 4024a (base 11) to base 9.
88660
Convert -157059a (base 12) to base 5.
-2110014014
Convert 2200102001 (base 3) to base 7.
306616
What is a9404f (base 16) in base 9?
22775376
Convert 100112001202220 (base 3) to base 11.
2946580
What is -21243200 (base 5) in base 7?
-1352562
-4242910 (base 12) to base 7
-211332411
Convert 140450140 (base 6) to base 12.
b49950
What is 193792 (base 14) in base 10?
893300
182146 (base 12) to base 13
118578
-3433233 (base 7) to base 14
-b2253
-947b1 (base 13) to base 14
-6d512
12267555 (base 8) to base 10
2715501
Convert 41cda (base 14) to base 7.
1231263
-11203423 (base 5) to base 12
-4a1a0
Convert -18183b (base 12) to base 9.
-705812
1374c (base 15) to base 10
62397
Convert -27126 (base 13) to base 9.
-120650
Convert a7a457 (base 11) to base 16.
1a5985
Convert -525636 (base 9) to base 5.
-40000111
Convert 1f2c72 (base 16) to base 15.
2a54e9
What is -40386 (base 12) in base 16?
-14616
Convert -3255115 (base 6) to base 16.
-27d37
Convert 211222221122 (base 3) to base 14.
bad7a
-5054361 (base 7) to base 12
-250330
Convert 189231 (base 11) to base 14.
77bb4
What is 484005 (base 10) in base 5?
110442010
Convert 12012300 (base 5) to base 12.
53a19
Convert -24338a4 (base 13) to base 2.
-101010110110010100100110
-22605 